{"id":5317,"date":"2025-05-27T15:56:32","date_gmt":"2025-05-27T14:56:32","guid":{"rendered":"https:\/\/www.mariage-expo.fr\/?page_id=5317"},"modified":"2026-04-13T13:33:10","modified_gmt":"2026-04-13T12:33:10","slug":"exposer","status":"publish","type":"page","link":"https:\/\/www.mariage-expo.fr\/index.php\/exposer\/","title":{"rendered":"Exposer"},"content":{"rendered":"\n<div class=\"wp-block-columns alignfull layout-40-60 ticss-08b0da1a is-layout-flex wp-container-core-columns-is-layout-4 wp-block-columns-is-layout-flex\">\n<div class=\"wp-block-column is-vertically-aligned-top is-layout-flow wp-block-column-is-layout-flow\">\n<div class=\"wp-block-columns is-layout-flex wp-container-core-columns-is-layout-1 wp-block-columns-is-layout-flex\">\n<div class=\"wp-block-column is-layout-flow wp-block-column-is-layout-flow\" style=\"flex-basis:100%\">\n<div class=\"wp-block-cover wp-duotone-unset-1\" style=\"min-height:1241px;aspect-ratio:unset;\"><span aria-hidden=\"true\" class=\"wp-block-cover__background has-background-dim\"><\/span><img fetchpriority=\"high\" decoding=\"async\" width=\"1024\" height=\"684\" class=\"wp-block-cover__image-background wp-image-5023\" alt=\"\" src=\"https:\/\/www.mariage-expo.fr\/wp-content\/uploads\/2025\/03\/SM25-TOURS-Photo-8-1.jpg\" style=\"object-position:35% 70%\" data-object-fit=\"cover\" data-object-position=\"35% 70%\" srcset=\"https:\/\/www.mariage-expo.fr\/wp-content\/uploads\/2025\/03\/SM25-TOURS-Photo-8-1.jpg 1024w, https:\/\/www.mariage-expo.fr\/wp-content\/uploads\/2025\/03\/SM25-TOURS-Photo-8-1-300x200.jpg 300w, https:\/\/www.mariage-expo.fr\/wp-content\/uploads\/2025\/03\/SM25-TOURS-Photo-8-1-768x513.jpg 768w\" sizes=\"(max-width: 1024px) 100vw, 1024px\" \/><div class=\"wp-block-cover__inner-container is-layout-flow wp-block-cover-is-layout-flow\">\n<p class=\"has-text-align-center has-large-font-size\"><\/p>\n<\/div><\/div>\n<\/div>\n<\/div>\n<\/div>\n\n\n\n<div class=\"wp-block-column is-layout-flow wp-block-column-is-layout-flow\">\n<h2 class=\"wp-block-heading h2-exposer ticss-37103bbf has-text-color has-link-color wp-elements-f652ce823d4f32014cf17d488043a53c\" style=\"color:#df2361\">Pourquoi exposer&nbsp;?<\/h2>\n\n\n\n<ul style=\"font-size:clamp(14px, 0.875rem + ((1vw - 3.2px) * 0.625), 20px);\" class=\"wp-block-list is-style-checkmark-list\">\n<li>Rencontrez des acheteurs cibl\u00e9s<\/li>\n\n\n\n<li>Contribuez \u00e0 la r\u00e9alisation du plus beau jour de leur vie<\/li>\n\n\n\n<li>D\u00e9veloppez votre chiffre d\u2019affaires<\/li>\n\n\n\n<li>Pr\u00e9sentez vos nouveaut\u00e9s et les derni\u00e8res tendances<\/li>\n\n\n\n<li>\u00c9changez, conseillez, captivez\u2026<\/li>\n\n\n\n<li><strong>B\u00e9n\u00e9ficiez du visitorat<\/strong>&nbsp;de l&rsquo;autre salon qui se tient en parall\u00e8le au \n<ul class=\"wp-block-list\">\n<li>Parc Expo de Tours : le&nbsp;<strong>Salon de l&rsquo;Habitat<\/strong><\/li>\n<\/ul>\n<\/li>\n<\/ul>\n\n\n\n<h3 class=\"wp-block-heading has-text-color has-link-color wp-elements-64d9d724da100e59f5d6c8da80ebbdbe\" style=\"color:#be1953\">Pour exposer : <\/h3>\n\n\n\n<div class=\"wp-block-columns is-layout-flex wp-container-core-columns-is-layout-2 wp-block-columns-is-layout-flex\">\n<div class=\"wp-block-column is-layout-flow wp-block-column-is-layout-flow\">\n<figure class=\"wp-block-image aligncenter size-full is-resized\"><a href=\"https:\/\/www.mariage-expo.fr\/wp-content\/uploads\/2025\/05\/SM25-TOURS-Plaquette-Commerciale-avec-compression-1.pdf\" target=\"_blank\" rel=\" noreferrer noopener\"><img decoding=\"async\" width=\"512\" height=\"512\" src=\"https:\/\/www.mariage-expo.fr\/wp-content\/uploads\/2025\/05\/disposition.png\" alt=\"\" class=\"wp-image-5342\" style=\"width:100px\" srcset=\"https:\/\/www.mariage-expo.fr\/wp-content\/uploads\/2025\/05\/disposition.png 512w, https:\/\/www.mariage-expo.fr\/wp-content\/uploads\/2025\/05\/disposition-300x300.png 300w, https:\/\/www.mariage-expo.fr\/wp-content\/uploads\/2025\/05\/disposition-150x150.png 150w\" sizes=\"(max-width: 512px) 100vw, 512px\" \/><\/a><\/figure>\n\n\n\n<div class=\"wp-block-buttons is-content-justification-center is-layout-flex wp-container-core-buttons-is-layout-1 wp-block-buttons-is-layout-flex\">\n<div class=\"wp-block-button has-custom-width wp-block-button__width-75\"><a class=\"wp-block-button__link has-background wp-element-button\" href=\"https:\/\/www.mariage-expo.fr\/wp-content\/uploads\/2026\/04\/SM26-TOURS-Plaquette-Commerciale-PAP_c-1.pdf\" style=\"background-color:#df2361\" target=\"_blank\" rel=\"noreferrer noopener\">Plaquette<\/a><\/div>\n<\/div>\n<\/div>\n\n\n\n<div class=\"wp-block-column is-layout-flow wp-block-column-is-layout-flow\"><\/div>\n<\/div>\n\n\n\n<div class=\"wp-block-columns is-layout-flex wp-container-core-columns-is-layout-3 wp-block-columns-is-layout-flex\">\n<div class=\"wp-block-column is-layout-flow wp-block-column-is-layout-flow\">\n<figure class=\"wp-block-image aligncenter size-full is-resized\"><a href=\"https:\/\/Puzzle.ungerboeck.net\/prod\/app85.cshtml?aat=6175795370763173657568474749434c315976684b6c6e6c37587672574d4f6c537950576361584b654b493d\" target=\"_blank\" rel=\" noreferrer noopener\"><img decoding=\"async\" width=\"512\" height=\"512\" src=\"https:\/\/www.mariage-expo.fr\/wp-content\/uploads\/2025\/05\/ordinateur-personnel.png\" alt=\"\" class=\"wp-image-5343\" style=\"width:100px;height:auto\" srcset=\"https:\/\/www.mariage-expo.fr\/wp-content\/uploads\/2025\/05\/ordinateur-personnel.png 512w, https:\/\/www.mariage-expo.fr\/wp-content\/uploads\/2025\/05\/ordinateur-personnel-300x300.png 300w, https:\/\/www.mariage-expo.fr\/wp-content\/uploads\/2025\/05\/ordinateur-personnel-150x150.png 150w\" sizes=\"(max-width: 512px) 100vw, 512px\" \/><\/a><\/figure>\n\n\n\n<div class=\"wp-block-buttons is-content-justification-center is-layout-flex wp-container-core-buttons-is-layout-2 wp-block-buttons-is-layout-flex\">\n<div class=\"wp-block-button has-custom-width wp-block-button__width-75\"><a class=\"wp-block-button__link has-background wp-element-button\" href=\"https:\/\/Puzzle.ungerboeck.net\/prod\/app85.cshtml?aat=524a494346746a73742f685533643646654f53385a67726d314d685557756e6c4a754467767450587034453d\" style=\"background-color:#df2361\" target=\"_blank\" rel=\"noreferrer noopener\">Portail exposant<\/a><\/div>\n<\/div>\n<\/div>\n\n\n\n<div class=\"wp-block-column is-layout-flow wp-block-column-is-layout-flow\"><\/div>\n<\/div>\n\n\n\n<h4 class=\"wp-block-heading has-text-color has-link-color wp-elements-2d4a8886bfd7983899df13617363f9eb\" style=\"color:#df2361\">Contactez-nous pour plus d&rsquo;informations&nbsp;:<\/h4>\n\n\n\n<pre class=\"wp-block-preformatted has-body-font-family\" style=\"font-size:clamp(14px, 0.875rem + ((1vw - 3.2px) * 0.625), 20px);\"><strong>Contact commercial : <\/strong><br>Emmanuelle Grinda<br>emmanuelle.grinda@puzzle-centre.fr<br>\u202a02 47 31 70 58<\/pre>\n<\/div>\n<\/div>\n\n\n\n<p class=\"ticss-042d44ab\"><\/p>\n","protected":false},"excerpt":{"rendered":"<p>Pourquoi exposer&nbsp;? Pour exposer : Contactez-nous pour plus d&rsquo;informations&nbsp;: Contact commercial : Emmanuelle Grindaemmanuelle.grinda@puzzle-centre.fr\u202a02 47 31 70 58<\/p>\n","protected":false},"author":1,"featured_media":0,"parent":0,"menu_order":0,"comment_status":"closed","ping_status":"closed","template":"page-no-title","meta":{"_themeisle_gutenberg_block_has_review":false,"footnotes":""},"class_list":["post-5317","page","type-page","status-publish","hentry"],"yoast_head":"<!-- This site is optimized with the Yoast SEO plugin v25.3.1 - https:\/\/yoast.com\/wordpress\/plugins\/seo\/ -->\n<title>Exposer - Salon du Mariage de Tours<\/title>\n<meta name=\"robots\" content=\"index, follow, max-snippet:-1, max-image-preview:large, max-video-preview:-1\" \/>\n<link rel=\"canonical\" href=\"https:\/\/www.mariage-expo.fr\/index.php\/exposer\/\" \/>\n<meta property=\"og:locale\" content=\"fr_FR\" \/>\n<meta property=\"og:type\" content=\"article\" \/>\n<meta property=\"og:title\" content=\"Exposer - Salon du Mariage de Tours\" \/>\n<meta property=\"og:description\" content=\"Pourquoi exposer&nbsp;? Pour exposer : Contactez-nous pour plus d&rsquo;informations&nbsp;: Contact commercial : Emmanuelle Grindaemmanuelle.grinda@puzzle-centre.fr\u202a02 47 31 70 58\" \/>\n<meta property=\"og:url\" content=\"https:\/\/www.mariage-expo.fr\/index.php\/exposer\/\" \/>\n<meta property=\"og:site_name\" content=\"Salon du Mariage de Tours\" \/>\n<meta property=\"article:modified_time\" content=\"2026-04-13T12:33:10+00:00\" \/>\n<meta property=\"og:image\" content=\"https:\/\/www.mariage-expo.fr\/wp-content\/uploads\/2025\/03\/SM25-TOURS-Photo-8-1.jpg\" \/>\n\t<meta property=\"og:image:width\" content=\"1024\" \/>\n\t<meta property=\"og:image:height\" content=\"684\" \/>\n\t<meta property=\"og:image:type\" content=\"image\/jpeg\" \/>\n<meta name=\"twitter:card\" content=\"summary_large_image\" \/>\n<meta name=\"twitter:label1\" content=\"Dur\u00e9e de lecture estim\u00e9e\" \/>\n\t<meta name=\"twitter:data1\" content=\"1 minute\" \/>\n<script type=\"application\/ld+json\" class=\"yoast-schema-graph\">{\"@context\":\"https:\/\/schema.org\",\"@graph\":[{\"@type\":\"WebPage\",\"@id\":\"https:\/\/www.mariage-expo.fr\/index.php\/exposer\/\",\"url\":\"https:\/\/www.mariage-expo.fr\/index.php\/exposer\/\",\"name\":\"Exposer - Salon du Mariage de Tours\",\"isPartOf\":{\"@id\":\"https:\/\/www.mariage-expo.fr\/#website\"},\"primaryImageOfPage\":{\"@id\":\"https:\/\/www.mariage-expo.fr\/index.php\/exposer\/#primaryimage\"},\"image\":{\"@id\":\"https:\/\/www.mariage-expo.fr\/index.php\/exposer\/#primaryimage\"},\"thumbnailUrl\":\"https:\/\/www.mariage-expo.fr\/wp-content\/uploads\/2025\/03\/SM25-TOURS-Photo-8-1.jpg\",\"datePublished\":\"2025-05-27T14:56:32+00:00\",\"dateModified\":\"2026-04-13T12:33:10+00:00\",\"breadcrumb\":{\"@id\":\"https:\/\/www.mariage-expo.fr\/index.php\/exposer\/#breadcrumb\"},\"inLanguage\":\"fr-FR\",\"potentialAction\":[{\"@type\":\"ReadAction\",\"target\":[\"https:\/\/www.mariage-expo.fr\/index.php\/exposer\/\"]}]},{\"@type\":\"ImageObject\",\"inLanguage\":\"fr-FR\",\"@id\":\"https:\/\/www.mariage-expo.fr\/index.php\/exposer\/#primaryimage\",\"url\":\"https:\/\/www.mariage-expo.fr\/wp-content\/uploads\/2025\/03\/SM25-TOURS-Photo-8-1.jpg\",\"contentUrl\":\"https:\/\/www.mariage-expo.fr\/wp-content\/uploads\/2025\/03\/SM25-TOURS-Photo-8-1.jpg\",\"width\":1024,\"height\":684},{\"@type\":\"BreadcrumbList\",\"@id\":\"https:\/\/www.mariage-expo.fr\/index.php\/exposer\/#breadcrumb\",\"itemListElement\":[{\"@type\":\"ListItem\",\"position\":1,\"name\":\"Accueil\",\"item\":\"https:\/\/www.mariage-expo.fr\/\"},{\"@type\":\"ListItem\",\"position\":2,\"name\":\"Exposer\"}]},{\"@type\":\"WebSite\",\"@id\":\"https:\/\/www.mariage-expo.fr\/#website\",\"url\":\"https:\/\/www.mariage-expo.fr\/\",\"name\":\"Salon du Mariage de Tours\",\"description\":\"\",\"publisher\":{\"@id\":\"https:\/\/www.mariage-expo.fr\/#organization\"},\"potentialAction\":[{\"@type\":\"SearchAction\",\"target\":{\"@type\":\"EntryPoint\",\"urlTemplate\":\"https:\/\/www.mariage-expo.fr\/?s={search_term_string}\"},\"query-input\":{\"@type\":\"PropertyValueSpecification\",\"valueRequired\":true,\"valueName\":\"search_term_string\"}}],\"inLanguage\":\"fr-FR\"},{\"@type\":\"Organization\",\"@id\":\"https:\/\/www.mariage-expo.fr\/#organization\",\"name\":\"Salon du Mariage de Tours\",\"url\":\"https:\/\/www.mariage-expo.fr\/\",\"logo\":{\"@type\":\"ImageObject\",\"inLanguage\":\"fr-FR\",\"@id\":\"https:\/\/www.mariage-expo.fr\/#\/schema\/logo\/image\/\",\"url\":\"https:\/\/www.mariage-expo.fr\/wp-content\/uploads\/2025\/03\/SM25-TOURS-Alliances@2x.png\",\"contentUrl\":\"https:\/\/www.mariage-expo.fr\/wp-content\/uploads\/2025\/03\/SM25-TOURS-Alliances@2x.png\",\"width\":657,\"height\":413,\"caption\":\"Salon du Mariage de Tours\"},\"image\":{\"@id\":\"https:\/\/www.mariage-expo.fr\/#\/schema\/logo\/image\/\"}}]}<\/script>\n<!-- \/ Yoast SEO plugin. -->","yoast_head_json":{"title":"Exposer - Salon du Mariage de Tours","robots":{"index":"index","follow":"follow","max-snippet":"max-snippet:-1","max-image-preview":"max-image-preview:large","max-video-preview":"max-video-preview:-1"},"canonical":"https:\/\/www.mariage-expo.fr\/index.php\/exposer\/","og_locale":"fr_FR","og_type":"article","og_title":"Exposer - Salon du Mariage de Tours","og_description":"Pourquoi exposer&nbsp;? Pour exposer : Contactez-nous pour plus d&rsquo;informations&nbsp;: Contact commercial : Emmanuelle Grindaemmanuelle.grinda@puzzle-centre.fr\u202a02 47 31 70 58","og_url":"https:\/\/www.mariage-expo.fr\/index.php\/exposer\/","og_site_name":"Salon du Mariage de Tours","article_modified_time":"2026-04-13T12:33:10+00:00","og_image":[{"width":1024,"height":684,"url":"https:\/\/www.mariage-expo.fr\/wp-content\/uploads\/2025\/03\/SM25-TOURS-Photo-8-1.jpg","type":"image\/jpeg"}],"twitter_card":"summary_large_image","twitter_misc":{"Dur\u00e9e de lecture estim\u00e9e":"1 minute"},"schema":{"@context":"https:\/\/schema.org","@graph":[{"@type":"WebPage","@id":"https:\/\/www.mariage-expo.fr\/index.php\/exposer\/","url":"https:\/\/www.mariage-expo.fr\/index.php\/exposer\/","name":"Exposer - Salon du Mariage de Tours","isPartOf":{"@id":"https:\/\/www.mariage-expo.fr\/#website"},"primaryImageOfPage":{"@id":"https:\/\/www.mariage-expo.fr\/index.php\/exposer\/#primaryimage"},"image":{"@id":"https:\/\/www.mariage-expo.fr\/index.php\/exposer\/#primaryimage"},"thumbnailUrl":"https:\/\/www.mariage-expo.fr\/wp-content\/uploads\/2025\/03\/SM25-TOURS-Photo-8-1.jpg","datePublished":"2025-05-27T14:56:32+00:00","dateModified":"2026-04-13T12:33:10+00:00","breadcrumb":{"@id":"https:\/\/www.mariage-expo.fr\/index.php\/exposer\/#breadcrumb"},"inLanguage":"fr-FR","potentialAction":[{"@type":"ReadAction","target":["https:\/\/www.mariage-expo.fr\/index.php\/exposer\/"]}]},{"@type":"ImageObject","inLanguage":"fr-FR","@id":"https:\/\/www.mariage-expo.fr\/index.php\/exposer\/#primaryimage","url":"https:\/\/www.mariage-expo.fr\/wp-content\/uploads\/2025\/03\/SM25-TOURS-Photo-8-1.jpg","contentUrl":"https:\/\/www.mariage-expo.fr\/wp-content\/uploads\/2025\/03\/SM25-TOURS-Photo-8-1.jpg","width":1024,"height":684},{"@type":"BreadcrumbList","@id":"https:\/\/www.mariage-expo.fr\/index.php\/exposer\/#breadcrumb","itemListElement":[{"@type":"ListItem","position":1,"name":"Accueil","item":"https:\/\/www.mariage-expo.fr\/"},{"@type":"ListItem","position":2,"name":"Exposer"}]},{"@type":"WebSite","@id":"https:\/\/www.mariage-expo.fr\/#website","url":"https:\/\/www.mariage-expo.fr\/","name":"Salon du Mariage de Tours","description":"","publisher":{"@id":"https:\/\/www.mariage-expo.fr\/#organization"},"potentialAction":[{"@type":"SearchAction","target":{"@type":"EntryPoint","urlTemplate":"https:\/\/www.mariage-expo.fr\/?s={search_term_string}"},"query-input":{"@type":"PropertyValueSpecification","valueRequired":true,"valueName":"search_term_string"}}],"inLanguage":"fr-FR"},{"@type":"Organization","@id":"https:\/\/www.mariage-expo.fr\/#organization","name":"Salon du Mariage de Tours","url":"https:\/\/www.mariage-expo.fr\/","logo":{"@type":"ImageObject","inLanguage":"fr-FR","@id":"https:\/\/www.mariage-expo.fr\/#\/schema\/logo\/image\/","url":"https:\/\/www.mariage-expo.fr\/wp-content\/uploads\/2025\/03\/SM25-TOURS-Alliances@2x.png","contentUrl":"https:\/\/www.mariage-expo.fr\/wp-content\/uploads\/2025\/03\/SM25-TOURS-Alliances@2x.png","width":657,"height":413,"caption":"Salon du Mariage de Tours"},"image":{"@id":"https:\/\/www.mariage-expo.fr\/#\/schema\/logo\/image\/"}}]}},"_links":{"self":[{"href":"https:\/\/www.mariage-expo.fr\/index.php\/wp-json\/wp\/v2\/pages\/5317","targetHints":{"allow":["GET"]}}],"collection":[{"href":"https:\/\/www.mariage-expo.fr\/index.php\/wp-json\/wp\/v2\/pages"}],"about":[{"href":"https:\/\/www.mariage-expo.fr\/index.php\/wp-json\/wp\/v2\/types\/page"}],"author":[{"embeddable":true,"href":"https:\/\/www.mariage-expo.fr\/index.php\/wp-json\/wp\/v2\/users\/1"}],"replies":[{"embeddable":true,"href":"https:\/\/www.mariage-expo.fr\/index.php\/wp-json\/wp\/v2\/comments?post=5317"}],"version-history":[{"count":62,"href":"https:\/\/www.mariage-expo.fr\/index.php\/wp-json\/wp\/v2\/pages\/5317\/revisions"}],"predecessor-version":[{"id":5847,"href":"https:\/\/www.mariage-expo.fr\/index.php\/wp-json\/wp\/v2\/pages\/5317\/revisions\/5847"}],"wp:attachment":[{"href":"https:\/\/www.mariage-expo.fr\/index.php\/wp-json\/wp\/v2\/media?parent=5317"}],"curies":[{"name":"wp","href":"https:\/\/api.w.org\/{rel}","templated":true}]}}